{"id":222,"date":"2013-12-19T16:14:44","date_gmt":"2013-12-19T15:14:44","guid":{"rendered":"https:\/\/enmi-conf.org\/wp\/enmi13\/?page_id=222"},"modified":"2013-12-27T11:01:24","modified_gmt":"2013-12-27T10:01:24","slug":"session-5","status":"publish","type":"page","link":"https:\/\/enmi-conf.org\/wp\/enmi13\/session-5\/","title":{"rendered":"Session 5"},"content":{"rendered":"<p><div  class=\"one-fourth\"><img loading=\"lazy\" decoding=\"async\" src=\"https:\/\/enmi-conf.org\/wp\/enmi13\/wp-content\/uploads\/sites\/3\/2013\/12\/Session5.png\" alt=\"Session5\" width=\"220\" height=\"220\" class=\"aligncenter size-full wp-image-145\" \/><\/div><div  class=\"one-half\"><h3>Automatisation, production et normalisation<\/h3><\/p>\n<p style=\"text-align: justify;\">La publication et le traitement automatique de donne\u0301es sont conditionne\u0301s par des formats, des normes et des standards industriels a\u0300 tous les niveaux.<br \/>\nOr le nume\u0301rique en re\u0301seau proce\u0300de a\u0300 une combinatoire exponentielle des donne\u0301es entre elles \u2013 ces e\u0301critures croise\u0301es que sont les hypertextes \u2013 jusqu\u2019a\u0300 produire les fameuses Big Data. Or, sachant la diversite\u0301 des formats nume\u0301riques, comment cette pluralite\u0301 combinatoire des donne\u0301es peut-elle e\u0302tre homoge\u0300ne et normalise\u0301e pour e\u0302tre traite\u0301e de manie\u0300re automatique ?<br \/>\nSur le chemin de l\u2019automatisation ge\u0301ne\u0301ralise\u0301e, il y a l\u2019e\u0301preuve de la normalisation technologique qui surde\u0301termine les choix de socie\u0301te\u0301 possibles ; de\u0300s lors, comment peut-on normaliser a\u0300 la fois pour des questions technologiques mais aussi en me\u0302me temps pour des enjeux e\u0301conomiques, politiques et sociaux ? Mais aussi et surtout, comment faire que les normes d\u2019automatisation ouvrent la possibilite\u0301 essentielle d\u2019un rapport avec le non-automatique ?<\/p>\n<p><\/div><div  class=\"one-fourth last-column\"><h3>Intervenants<\/h3><h4>Rapha\u00ebl Troncy<\/h4><\/p>\n<p>Ma\u00eetre de conf\u00e9rences \u00e0 EURECOM<\/p>\n<h4>Christian Faure\u0301<\/h4>\n<p>Ing\u00e9nieur et philosophe<\/p>\n<h4>Fre\u0301de\u0301ric Kaplan<\/h4>\n<p>Titulaire de la chaire de Digital Humanities \u00e0 l\u2019\u00c9cole Polytechnique F\u00e9d\u00e9rale de Lausanne<\/p>\n<p><\/div><div class=\"clearfix\"><\/div><br \/>\n<div class=\"seperator\" class=\"seperatorExtra\"><\/div><br \/>\n<h3>Vid\u00e9o de la session<\/h3><br \/>\n<iframe src='http:\/\/ldt.iri.centrepompidou.fr\/\/ldtplatform\/ldt\/embediframe\/?content_id=682222fa-67cf-11e3-aee3-00145ea4a2be&#038;project_id=9cafd60c-67cf-11e3-aee3-00145ea4a2be&#038;polemic=tweet&#038;annotations_list=True&#038;annotation=True&#038;slideshare=True&#038;tweet=True' width='1000' height='900' seamless='seamless'><\/iframe><br \/>\n<div class=\"seperator\" class=\"seperatorExtra\"><\/div><br \/>\n<div  class=\"two-third\"><h3>PRISE DE NOTE<\/h3><br \/>\n<script src=\"https:\/\/enmi13.hackpad.com\/8BQJlvHRRpP.js?format=html-notitle\"><\/script><noscript><\/p>\n<div>View <a href=\"https:\/\/enmi13.hackpad.com\/8BQJlvHRRpP\">Session 5<\/a> on Hackpad.<\/div>\n<p><\/noscript><\/div><div  class=\"one-third last-column\"><h3>RESSOURCES<\/h3><iframe loading=\"lazy\" src=\"http:\/\/www.slideshare.net\/slideshow\/embed_code\/29265067\" width=\"320\" height=\"280\" frameborder=\"0\" marginwidth=\"0\" marginheight=\"0\" scrolling=\"no\" style=\"border:1px solid #CCC;border-width:1px 1px 0;margin-bottom:5px\" allowfullscreen> <\/iframe> <\/p>\n<div style=\"margin-bottom:5px\"> <strong> <a href=\"https:\/\/fr.slideshare.net\/frederickaplan\/lhistorien-et-lalgorithme\" title=\"L&#x27;historien et l&#x27;algorithme(ENMI13)\" target=\"_blank\">L&#x27;historien et l&#x27;algorithme(ENMI13)<\/a> <\/strong> de Frederic Kaplan<\/div>\n<p><\/div><div class=\"clearfix\"><\/div><br \/>\n<div class=\"seperator\" class=\"seperatorExtra\"><\/div><\/p>\n","protected":false},"excerpt":{"rendered":"","protected":false},"author":22,"featured_media":0,"parent":0,"menu_order":0,"comment_status":"open","ping_status":"closed","template":"","meta":{"footnotes":""},"class_list":["post-222","page","type-page","status-publish","hentry"],"_links":{"self":[{"href":"https:\/\/enmi-conf.org\/wp\/enmi13\/wp-json\/wp\/v2\/pages\/222","targetHints":{"allow":["GET"]}}],"collection":[{"href":"https:\/\/enmi-conf.org\/wp\/enmi13\/wp-json\/wp\/v2\/pages"}],"about":[{"href":"https:\/\/enmi-conf.org\/wp\/enmi13\/wp-json\/wp\/v2\/types\/page"}],"author":[{"embeddable":true,"href":"https:\/\/enmi-conf.org\/wp\/enmi13\/wp-json\/wp\/v2\/users\/22"}],"replies":[{"embeddable":true,"href":"https:\/\/enmi-conf.org\/wp\/enmi13\/wp-json\/wp\/v2\/comments?post=222"}],"version-history":[{"count":2,"href":"https:\/\/enmi-conf.org\/wp\/enmi13\/wp-json\/wp\/v2\/pages\/222\/revisions"}],"predecessor-version":[{"id":272,"href":"https:\/\/enmi-conf.org\/wp\/enmi13\/wp-json\/wp\/v2\/pages\/222\/revisions\/272"}],"wp:attachment":[{"href":"https:\/\/enmi-conf.org\/wp\/enmi13\/wp-json\/wp\/v2\/media?parent=222"}],"curies":[{"name":"wp","href":"https:\/\/api.w.org\/{rel}","templated":true}]}}